{"id":7611,"date":"2026-01-21T17:39:25","date_gmt":"2026-01-21T23:39:25","guid":{"rendered":"https:\/\/www.coopelga.hn\/informativa\/?page_id=7611"},"modified":"2026-01-21T17:39:26","modified_gmt":"2026-01-21T23:39:26","slug":"mecanica-elga-mundialista","status":"publish","type":"page","link":"https:\/\/www.coopelga.hn\/informativa\/mecanica-elga-mundialista\/","title":{"rendered":"M\u00c9CANICA ELGA MUNDIALISTA"},"content":{"rendered":"<p><b>MEC\u00c1NICA:<\/b><\/p>\n<p><b>Vigencia:<\/b><br \/>\nDel 22 de enero al 15 de abril de 2026.<\/p>\n<p><b>C\u00f3mo participar:<\/b><br \/>\nEl afiliado participa al realizar cualquiera de las siguientes transacciones:<br \/>\n<b>1.<\/b> Apertura o dep\u00f3sito de un m\u00ednimo L 1,000.00 en las cuentas de:<br \/>\n-Aportaciones<br \/>\n-Ahorro navide\u00f1o<br \/>\n-Cuenta de ahorro con Prop\u00f3sito<br \/>\n<b>2.<\/b>Apertura de dep\u00f3sito a plazo fijo por con un monto m\u00ednimo de L 100,000.00<br \/>\n<b>3.<\/b>Pr\u00e9stamos aprobados y desembolsados con un monto m\u00ednimo de L 100,000.00<\/p>\n<p><b>Premios:<\/b><br \/>\n3 Paquetes dobles para disfrutar el mundial de f\u00fatbol.<\/p>\n<p>Paquete 1: Argentina-Austria 21 al 23 de junio 2026.<br \/>\nPaquete 2: Colombia-Portugal 26 al 28 de junio 2026.<br \/>\nPaquete 3: Francia-Noruega 25 al 27 de junio 2026.<\/p>\n<p>Cada paquete incluye<br \/>\n\u2022Boletos a\u00e9reos.<br \/>\n\u2022Traslados privados de llegada y salida.<br \/>\n\u20222 noches de alojamiento.<br \/>\n\u2022Desayuno diario.<br \/>\n\u2022Entrada con hospitalidad, exceptuando partido Colombia-Portugal.<br \/>\n\u2022Traslados al evento en servicio compartido, ida y vuelta en horarios establecidos.<br \/>\n\u2022Regalo conmemorativo del Mundial 2026.<\/p>\n<p>Condiciones y restricciones<br \/>\n\u2022La presente promoci\u00f3n aplica exclusivamente para afiliados naturales de Cooperativa ELGA que se encuentren debidamente afiliados y mantengan todas sus cuentas activas.<br \/>\n\u2022No podr\u00e1n participar afiliados con cuentas canceladas, en mora o en estado legal, ya sea extrajudicial o judicial. Quedan expresamente excluidos de la promoci\u00f3n los afiliados jur\u00eddicos, cr\u00e9ditos empresariales y cualquier otra figura similar.<br \/>\n\u2022Los Directivos y colaboradores de la Cooperativa ELGA, no participan en la promoci\u00f3n.<\/p>\n<p>\u2022Los afiliados que presenten transacciones reversadas perder\u00e1n autom\u00e1ticamente los n\u00fameros electr\u00f3nicos que les hayan sido asignados.<\/p>\n<p>\u2022No se asignar\u00e1n n\u00fameros electr\u00f3nicos por capitalizaci\u00f3n de pr\u00e9stamos.<\/p>\n<p>\u2022Los dep\u00f3sitos y transacciones v\u00e1lidas deber\u00e1n realizarse exclusivamente dentro del per\u00edodo de vigencia de la promoci\u00f3n.<\/p>\n<p>\u2022En caso de que el Afiliado ganador de alguno de los paquetes no cuente con visa americana, queda facultado para transferir a la persona que el ganador decida. Dicha persona beneficiaria deber\u00e1 contar con visa americana vigente. notificando a la Cooperativa ELGA dentro de un plazo m\u00e1ximo de 15 d\u00edas a partir de la fecha de notificaci\u00f3n del premio.<\/p>\n<p>\u2022El premio no es canjeable por dinero en efectivo. El premio podr\u00e1 ser transferible, siempre y cuando el ganador lo comunique por escrito a Cooperativa ELGA, indicando de forma expresa la persona a quien cede el premio.<\/p>\n<p>\u2022Cooperativa ELGA no se hace responsable por tr\u00e1mites migratorios, consulares, costos asociados, impuestos, tasas, penalidades, gastos personales ni por cualquier otro gasto no expresamente incluido en el premio.<\/p>\n<p>\u2022Cooperativa ELGA se reserva el derecho de modificar las presentes condiciones y restricciones, siempre que dichas modificaciones no alteren la esencia de la promoci\u00f3n, debiendo ser notificadas previamente a trav\u00e9s de los medios de comunicaci\u00f3n oficiales de la Cooperativa. En aquellos casos en los que Cooperativa ELGA determine la existencia de incumplimiento, fraude o vicios en la participaci\u00f3n, los participantes aceptan que la Cooperativa queda plenamente facultada para retener o cancelar los premios, sin responsabilidad alguna.<\/p>\n<p>\u2022La participaci\u00f3n en la promoci\u00f3n implica el conocimiento, entendimiento y aceptaci\u00f3n total, expresa e irrevocable de las presentes condiciones y restricciones.<\/p>\n","protected":false},"excerpt":{"rendered":"<p>MEC\u00c1NICA: Vigencia: Del 22 de enero al 15 de abril de 2026. C\u00f3mo participar: El afiliado participa al realizar cualquiera de las siguientes transacciones: 1. Apertura o dep\u00f3sito de un m\u00ednimo L 1,000.00 en las cuentas de: -Aportaciones -Ahorro navide\u00f1o -Cuenta de ahorro con Prop\u00f3sito 2.Apertura de dep\u00f3sito a plazo fijo por con un monto<\/p>\n","protected":false},"author":4,"featured_media":0,"parent":0,"menu_order":0,"comment_status":"closed","ping_status":"closed","template":"","meta":[],"_links":{"self":[{"href":"https:\/\/www.coopelga.hn\/informativa\/wp-json\/wp\/v2\/pages\/7611"}],"collection":[{"href":"https:\/\/www.coopelga.hn\/informativa\/wp-json\/wp\/v2\/pages"}],"about":[{"href":"https:\/\/www.coopelga.hn\/informativa\/wp-json\/wp\/v2\/types\/page"}],"author":[{"embeddable":true,"href":"https:\/\/www.coopelga.hn\/informativa\/wp-json\/wp\/v2\/users\/4"}],"replies":[{"embeddable":true,"href":"https:\/\/www.coopelga.hn\/informativa\/wp-json\/wp\/v2\/comments?post=7611"}],"version-history":[{"count":1,"href":"https:\/\/www.coopelga.hn\/informativa\/wp-json\/wp\/v2\/pages\/7611\/revisions"}],"predecessor-version":[{"id":7612,"href":"https:\/\/www.coopelga.hn\/informativa\/wp-json\/wp\/v2\/pages\/7611\/revisions\/7612"}],"wp:attachment":[{"href":"https:\/\/www.coopelga.hn\/informativa\/wp-json\/wp\/v2\/media?parent=7611"}],"curies":[{"name":"wp","href":"https:\/\/api.w.org\/{rel}","templated":true}]}}